of 263744929?
3
What is the hundred thousands digit of 328615432?
6
What is the hundreds digit of 41169972?
9
What is the thousands digit of 254523373?
3
What is the thousands digit of 425390477?
0
What is the hundred millions digit of 333924581?
3
What is the ten millions digit of 54152964?
5
What is the ten millions digit of 22726996?
2
What is the ten thousands digit of 160171234?
7
What is the hundred millions digit of 639876720?
6
What is the thousands digit of 117871878?
1
What is the ten millions digit of 349080476?
4
What is the hundreds digit of 328830749?
7
What is the hundred thousands digit of 1070506348?
5
What is the hundreds digit of 1139448849?
8
What is the billions digit of 4062329915?
4
What is the millions digit of 947108254?
7
What is the millions digit of 2047953999?
7
What is the millions digit of 23641000?
3
What is the hundred thousands digit of 1702602068?
6
What is the ten millions digit of 188635914?
8
What is the tens digit of 1482136620?
2
What is the hundred millions digit of 183946655?
1
What is the hundred millions digit of 142943826?
1
What is the hundred millions digit of 3460660708?
4
What is the hundred thousands digit of 249847071?
8
What is the ten thousands digit of 669731442?
3
What is the hundred thousands digit of 249655020?
6
What is the tens digit of 923391587?
8
What is the thousands digit of 59749445?
9
What is the billions digit of 2580725977?
2
What is the units digit of 422052770?
0
What is the millions digit of 202779780?
2
What is the millions digit of 129546364?
9
What is the thousands digit of 17485930?
5
What is the units digit of 978448174?
4
What is the thousands digit of 2603121500?
1
What is the hundred thousands digit of 559218345?
2
What is the tens digit of 573270261?
6
What is the thousands digit of 1191669465?
9
What is the hundred thousands digit of 4663261?
6
What is the tens digit of 1069630271?
7
What is the hundred millions digit of 1309003424?
3
What is the hundred millions digit of 104590859?
1
What is the ten thousands digit of 40203762?
0
What is the millions digit of 1378013001?
8
What is the millions digit of 2378136845?
8
What is the thousands digit of 1333457633?
7
What is the thousands digit of 1146681447?
1
What is the ten millions digit of 98131877?
9
What is the hundreds digit of 84117327?
3
What is the hundred thousands digit of 74918022?
9
What is the units digit of 281022182?
2
What is the hundreds digit of 2009792591?
5
What is the billions digit of 2160243701?
2
What is the ten millions digit of 93666961?
9
What is the thousands digit of 7283981042?
1
What is the ten thousands digit of 82725348?
2
What is the tens digit of 3051933450?
5
What is the hundred thousands digit of 175391250?
3
What is the tens digit of 4212108371?
7
What is the ten thousands digit of 359108259?
0
What is the units digit of 8687329?
9
What is the units digit of 2429434035?
5
What is the tens digit of 181890058?
5
What is the hundred thousands digit of 8016479?
0
What is the millions digit of 602530162?
2
What is the thousands digit of 36087195?
7
What is the hundreds digit of 1238417277?
2
What is the tens digit of 35910263?
6
What is the thousands digit of 625781983?
1
What is the units digit of 661983886?
6
What is the millions digit of 2530003790?
0
What is the hundreds digit of 238372097?
0
What is the millions digit of 517627649?
7
What is the hundreds digit of 3142906089?
0
What is the units digit of 66597528?
8
What is the ten thousands digit of 171755153?
5
What is the ten thousands digit of 47912750?
1
What is the thousands digit of 1676883846?
3
What is the hundreds digit of 195292581?
5
What is the hundred millions digit of 240535642?
2
What is the tens digit of 8783907?
0
What is the tens digit of 59383975?
7
What is the hundred thousands digit of 3226810732?
8
What is the millions digit of 91020815?
1
What is the millions digit of 228963953?
8
What is the hundreds digit of 715049184?
1
What is the ten thousands digit of 20278006?
7
What is the tens digit of 407967647?
4
What is the hundred millions digit of 4818443173?
8
What is the ten millions digit of 29132791?
2
What is the tens digit of 17761550?
5
What is the hundreds digit of 217621047?
0
What is the millions digit of 3828780273?
8
What is the millions digit of 90408734?
0
What is the tens digit of 3009357435?
3
What is the thousands digit of 35846848?
6
What is the hundreds digit of 43330751?
7
What is the ten millions digit of 178098726?
7
What is the ten millions digit of 1239907230?
3
What is the units digit of 1295312957?
7
What is the ten millions digit of 22836964?
2
What is the thousands digit of 13848106?
8
What is the millions digit of 174132538?
4
What is the millions digit of 198351858?
8
What is the hundred thousands digit of 98910870?
9
What is the thousands digit of 24441443?
1
What is the thousands digit of 60210512?
0
What is the ten millions digit of 90101815?
9
What is the millions digit of 2512682?
2
What is the thousands digit of 904181395?
1
What is the millions digit of 36356460?
6
What is the ten thousands digit of 1022570385?
7
What is the thousands digit of 240968072?
8
What is the hundreds digit of 911604039?
0
What is the hundred thousands digit of 6084172601?
1
What is the ten thousands digit of 1908043637?
4
What is the hundreds digit of 1383424785?
7
What is the tens digit of 5973582?
8
What is the units digit of 96320478?
8
What is the hundred thousands digit of 554360238?
3
What is the thousands digit of 484823517?
3
What is the hundred thousands digit of 58762823?
7
What is the ten millions digit of 181352616?
8
What is the hundreds digit of 349387250?
2
What is the hundred thousands digit of 880366024?
3
What is the hundreds digit of 1379206409?
4
What is the hundred millions digit of 395639944?
3
What is the hundreds digit of 164390234?
2
What is the tens digit of 19598288?
8
What is the millions digit of 401825214?
1
What is the thousands digit of 795727397?
7
What is the thousands digit of 640234251?
4
What is the hundreds digit of 411856492?
4
What is the thousands digit of 289174377?
4
What is the hundred thousands digit of 24687647?
6
What is the units digit of 6124052272?
2
What is the ten thousands digit of 4076864285?
6
What is the hundred thousands digit of 272255159?
2
What is the millions digit of 109126856?
9
What is the tens digit of 652023047?
4
What is the millions digit of 419908394?
9
What is the millions digit of 1845612?
1
What is the thousands digit of 278811844?
1
What is the millions digit of 2016285768?
6
What is the hundred thousands digit of 682078110?
0
What is the hundred thousands digit of 19870631?
8
What is the hundred thousands digit of 21937167?
9
What is the units digit of 56646696?
6
What is the units digit of 5270545212?
2
What is the hundreds digit of 1016262699?
6
What is the tens digit of 2407363312?
1
What is the ten thousands digit of 66818111?
1
What is the hundred millions digit of 217631777?
2
What is the ten thousands digit of 238053223?
5
What is the units digit of 2125010708?
8
What is the units digit of 3800005973?
3
What is the millions digit of 67925365?
7
What is the hundred millions digit of 7548567324?
5
What is the hundred thousands digit of 99187118?
1
What is the hundred thousands digit of 72589557?
5
What is the units digit of 401502779?
9
What is the ten thousands digit of 5250471743?
7
What is the ten thousands digit of 212379?
1
What is the ten millions digit of 460945058?
6
What is the ten thousands digit of 354099420?
9
What is the units digit of 692667867?
7
What is the units digit of 1232944839?
9
What is the hundred millions digit of 2220027707?
2
What is the hundred thousands digit of 18926377?
9
What is the thousands digit of 1922211454?
1
What is the hundreds digit of 72898783?
7
What is the ten millions digit of 155581248?
5
What is the millions digit of 578052684?
8
What is the thousands digit of 39797847?
7
What is the units digit of 2099888275?
5
What is the units digit of 1073944743?
3
What is the hundred millions digit of 4992475962?
9
What is the tens digit of 8753179?
7
What is the hundreds digit of 58003759?
7
What is the thousands digit of 71629804?
9
What is the thousands digit of 337951074?
1
Wh